{"id":50,"date":"2023-08-14T20:08:03","date_gmt":"2023-08-14T20:08:03","guid":{"rendered":"https:\/\/aierstock.nt25.de\/?page_id=50"},"modified":"2024-05-02T05:56:46","modified_gmt":"2024-05-02T05:56:46","slug":"ueber-uns","status":"publish","type":"page","link":"https:\/\/zimmerei-aierstock.de\/index.php\/ueber-uns\/","title":{"rendered":"\u00dcber uns"},"content":{"rendered":"<div id='layer_slider_1'  class='avia-layerslider main_color avia-shadow  avia-builder-el-0  el_before_av_one_full  avia-builder-el-first  container_wrap fullsize'  style='height: 151px;'  ><\/div><div id='after_layer_slider_1'  class='main_color av_default_container_wrap container_wrap fullsize'  ><div class='container av-section-cont-open' ><div class='template-page content  av-content-full alpha units'><div class='post-entry post-entry-type-page post-entry-50'><div class='entry-content-wrapper clearfix'>\n<div  class='flex_column av-23y2e-62be4f14cefc7665610461e940db87b8 av_one_full  avia-builder-el-1  el_after_av_layerslider  el_before_av_one_fifth  avia-builder-el-first  first flex_column_div  '     ><style type=\"text\/css\" data-created_by=\"avia_inline_auto\" id=\"style-css-av-llbb968f-09b4d5cf15e390ddcd252df9c823be0b\">\n#top .av-special-heading.av-llbb968f-09b4d5cf15e390ddcd252df9c823be0b{\npadding-bottom:10px;\n}\nbody .av-special-heading.av-llbb968f-09b4d5cf15e390ddcd252df9c823be0b .av-special-heading-tag .heading-char{\nfont-size:25px;\n}\n.av-special-heading.av-llbb968f-09b4d5cf15e390ddcd252df9c823be0b .av-subheading{\nfont-size:15px;\n}\n<\/style>\n<div  class='av-special-heading av-llbb968f-09b4d5cf15e390ddcd252df9c823be0b av-special-heading-h3 blockquote modern-quote  avia-builder-el-2  avia-builder-el-no-sibling '><h3 class='av-special-heading-tag'  itemprop=\"headline\"  >Zimmerei und Holzbau Aierstock<\/h3><div class='av-subheading av-subheading_below'><p>Inhaber Thomas Danner<\/p>\n<\/div><div class=\"special-heading-border\"><div class=\"special-heading-inner-border\"><\/div><\/div><\/div><\/div>\n<div  class='flex_column av-1j2zi-6a3a9cf0884f7a84a97c807d95b93662 av_one_fifth  avia-builder-el-3  el_after_av_one_full  el_before_av_one_fifth  first flex_column_div  column-top-margin'     ><section  class='avia-team-member av-llbcmxu3-23b7c7e863afd854617ae8acd3fc8651  avia-builder-el-4  avia-builder-el-no-sibling '  itemscope=\"itemscope\" itemtype=\"https:\/\/schema.org\/Person\" ><div class=\"team-img-container\"><img decoding=\"async\" class='wp-image-72 avia-img-lazy-loading-not-72 avia_image avia_image_team' src=\"https:\/\/zimmerei-aierstock.de\/wp-content\/uploads\/2023\/08\/person_dummy-80x80.png\" alt='Thomas Danner'  itemprop=\"image\"   height=\"80\" width=\"80\" srcset=\"https:\/\/zimmerei-aierstock.de\/wp-content\/uploads\/2023\/08\/person_dummy-80x80.png 80w, https:\/\/zimmerei-aierstock.de\/wp-content\/uploads\/2023\/08\/person_dummy-36x36.png 36w, https:\/\/zimmerei-aierstock.de\/wp-content\/uploads\/2023\/08\/person_dummy-180x180.png 180w\" sizes=\"(max-width: 80px) 100vw, 80px\" \/><\/div><h3 class='team-member-name '  itemprop=\"name\" >Thomas Danner<\/h3><div class='team-member-job-title '  itemprop=\"jobTitle\" >Inhaber<\/div><div class='team-member-description '  itemprop=\"description\" ><p>Zimmermeister und staatl. Gepr\u00fcfter Bautechniker<\/p>\n<\/div><span class='hidden team-member-affiliation'  itemprop=\"affiliation\" >Zimmerei und Holzbau<\/span><\/section><\/div>\n<div  class='flex_column av-ryoa-eb4b9bb175d2f82111b6b56700046682 av_one_fifth  avia-builder-el-5  el_after_av_one_fifth  el_before_av_three_fifth  flex_column_div  column-top-margin'     ><section  class='avia-team-member av-llbcp04r-334d628cb4b0341e2089070959f87110  avia-builder-el-6  avia-builder-el-no-sibling '  itemscope=\"itemscope\" itemtype=\"https:\/\/schema.org\/Person\" ><div class=\"team-img-container\"><img decoding=\"async\" class='wp-image-72 avia-img-lazy-loading-not-72 avia_image avia_image_team' src=\"https:\/\/zimmerei-aierstock.de\/wp-content\/uploads\/2023\/08\/person_dummy-80x80.png\" alt='FOLGT'  itemprop=\"image\"   height=\"80\" width=\"80\" srcset=\"https:\/\/zimmerei-aierstock.de\/wp-content\/uploads\/2023\/08\/person_dummy-80x80.png 80w, https:\/\/zimmerei-aierstock.de\/wp-content\/uploads\/2023\/08\/person_dummy-36x36.png 36w, https:\/\/zimmerei-aierstock.de\/wp-content\/uploads\/2023\/08\/person_dummy-180x180.png 180w\" sizes=\"(max-width: 80px) 100vw, 80px\" \/><\/div><h3 class='team-member-name '  itemprop=\"name\" >FOLGT<\/h3><span class='hidden team-member-affiliation'  itemprop=\"affiliation\" >Zimmerei und Holzbau<\/span><\/section><\/div>\n<div  class='flex_column av-1956y-c6b4c46fbe92d7638fd81ea5e85f1f03 av_three_fifth  avia-builder-el-7  el_after_av_one_fifth  avia-builder-el-last  flex_column_div  column-top-margin'     ><section  class='av_textblock_section av-llbbdxcg-957e477db098b02d87fe7bd09d86d502 '   itemscope=\"itemscope\" itemtype=\"https:\/\/schema.org\/CreativeWork\" ><div class='avia_textblock'  itemprop=\"text\" ><p><strong>Unsere Zimmerei wurde 2019 gegr\u00fcndet.<\/strong><\/p>\n<p>Firmeninhaber und Betriebsgr\u00fcnder Thomas Danner (geb. Aierstock), schloss 2019 die Fachschule f\u00fcr Bautechnik in M\u00fcnchen,<br \/>\nmit den Titeln <strong>Zimmermeister<\/strong> und s<strong>taatl. Gepr\u00fcfter Bautechniker<\/strong> ab.<\/p>\n<p>Au\u00dferdem wurde er f\u00fcr seine Leistungen mit zwei Meisterpreisen der bayerischen Staatsregierung ausgezeichnet.<\/p>\n<p>2021 wurde der Betrieb um einen Zimmerergesellen erweitert.<br \/>\nAbgerundet wird das Team durch den Vater von Thomas Danner welcher ebenfalls Zimmerer ist.<\/p>\n<p>Die Firmenphilosophie lautet:<br \/>\n<strong>\u201eWir arbeiten als sei es f\u00fcr uns selber, geht nicht gibt\u2019s nicht!\u201c<\/strong><\/p>\n<div  class='hr av-zoga-b1a28406fb17ccb0ebcdd5aa594920ff hr-short  avia-builder-el-9  avia-builder-el-no-sibling  hr-center'><span class='hr-inner '><span class=\"hr-inner-style\"><\/span><\/span><\/div>\n<p><em><strong>Steckbrief Thomas Danner:<\/strong><\/em><\/p>\n<ul>\n<li>2011-2012: Berufsgrundbildungsjahr Zimmerer, Bad T\u00f6lz<\/li>\n<li>2012-2014: Ausbildung zum Zimmerer, Zimmerei Thomas Gerg, Wackersberg<\/li>\n<li>2014-2015: Zimmerer Geselle bei der Zimmerei Thomas Gerg<\/li>\n<li>2015-2017: Zimmerer Geselle bei Simon Haus u. Holzbau, Schlegldorf<\/li>\n<li>2017-2019: Fachschule f\u00fcr Bautechnik M\u00fcnchen, Meisterschule f\u00fcr das Bauhandwerk<\/li>\n<li>2019: Abschluss zum Zimmermeister und staatlich gepr\u00fcften Bautechniker, Auszeichnung mit je einem Staatspreis.<\/li>\n<li>Seit 2019: selbstst\u00e4ndig und Firmeninhaber<\/li>\n<\/ul>\n<\/div><\/section><\/div>\n","protected":false},"excerpt":{"rendered":"","protected":false},"author":1,"featured_media":0,"parent":0,"menu_order":0,"comment_status":"closed","ping_status":"closed","template":"","meta":{"footnotes":""},"class_list":["post-50","page","type-page","status-publish","hentry"],"_links":{"self":[{"href":"https:\/\/zimmerei-aierstock.de\/index.php\/wp-json\/wp\/v2\/pages\/50","targetHints":{"allow":["GET"]}}],"collection":[{"href":"https:\/\/zimmerei-aierstock.de\/index.php\/wp-json\/wp\/v2\/pages"}],"about":[{"href":"https:\/\/zimmerei-aierstock.de\/index.php\/wp-json\/wp\/v2\/types\/page"}],"author":[{"embeddable":true,"href":"https:\/\/zimmerei-aierstock.de\/index.php\/wp-json\/wp\/v2\/users\/1"}],"replies":[{"embeddable":true,"href":"https:\/\/zimmerei-aierstock.de\/index.php\/wp-json\/wp\/v2\/comments?post=50"}],"version-history":[{"count":22,"href":"https:\/\/zimmerei-aierstock.de\/index.php\/wp-json\/wp\/v2\/pages\/50\/revisions"}],"predecessor-version":[{"id":273,"href":"https:\/\/zimmerei-aierstock.de\/index.php\/wp-json\/wp\/v2\/pages\/50\/revisions\/273"}],"wp:attachment":[{"href":"https:\/\/zimmerei-aierstock.de\/index.php\/wp-json\/wp\/v2\/media?parent=50"}],"curies":[{"name":"wp","href":"https:\/\/api.w.org\/{rel}","templated":true}]}}

Über uns

<div id='layer_slider_1'  class='avia-layerslider main_color avia-shadow  avia-builder-el-0  el_before_av_one_full  avia-builder-el-first  container_wrap fullsize'  style='height: 151px;'  ></div><div id='after_layer_slider_1'  class='main_color av_default_container_wrap container_wrap fullsize'  ><div class='container av-section-cont-open' ><div class='template-page content  av-content-full alpha units'><div class='post-entry post-entry-type-page post-entry-50'><div class='entry-content-wrapper clearfix'>
<div  class='flex_column av-23y2e-62be4f14cefc7665610461e940db87b8 av_one_full  avia-builder-el-1  el_after_av_layerslider  el_before_av_one_fifth  avia-builder-el-first  first flex_column_div  '     ><style type="text/css" data-created_by="avia_inline_auto" id="style-css-av-llbb968f-09b4d5cf15e390ddcd252df9c823be0b">
#top .av-special-heading.av-llbb968f-09b4d5cf15e390ddcd252df9c823be0b{
padding-bottom:10px;
}
body .av-special-heading.av-llbb968f-09b4d5cf15e390ddcd252df9c823be0b .av-special-heading-tag .heading-char{
font-size:25px;
}
.av-special-heading.av-llbb968f-09b4d5cf15e390ddcd252df9c823be0b .av-subheading{
font-size:15px;
}
</style>
<div  class='av-special-heading av-llbb968f-09b4d5cf15e390ddcd252df9c823be0b av-special-heading-h3 blockquote modern-quote  avia-builder-el-2  avia-builder-el-no-sibling '><h3 class='av-special-heading-tag'  itemprop="headline"  >Zimmerei und Holzbau Aierstock</h3><div class='av-subheading av-subheading_below'><p>Inhaber Thomas Danner</p>
</div><div class="special-heading-border"><div class="special-heading-inner-border"></div></div></div></div>
<div  class='flex_column av-1j2zi-6a3a9cf0884f7a84a97c807d95b93662 av_one_fifth  avia-builder-el-3  el_after_av_one_full  el_before_av_one_fifth  first flex_column_div  column-top-margin'     ><section  class='avia-team-member av-llbcmxu3-23b7c7e863afd854617ae8acd3fc8651  avia-builder-el-4  avia-builder-el-no-sibling '  itemscope="itemscope" itemtype="https://schema.org/Person" ><div class="team-img-container"><img decoding="async" class='wp-image-72 avia-img-lazy-loading-not-72 avia_image avia_image_team' src="https://zimmerei-aierstock.de/wp-content/uploads/2023/08/person_dummy-80x80.png" alt='Thomas Danner'  itemprop="image"   height="80" width="80" srcset="https://zimmerei-aierstock.de/wp-content/uploads/2023/08/person_dummy-80x80.png 80w, https://zimmerei-aierstock.de/wp-content/uploads/2023/08/person_dummy-36x36.png 36w, https://zimmerei-aierstock.de/wp-content/uploads/2023/08/person_dummy-180x180.png 180w" sizes="(max-width: 80px) 100vw, 80px" /></div><h3 class='team-member-name '  itemprop="name" >Thomas Danner</h3><div class='team-member-job-title '  itemprop="jobTitle" >Inhaber</div><div class='team-member-description '  itemprop="description" ><p>Zimmermeister und staatl. Geprüfter Bautechniker</p>
</div><span class='hidden team-member-affiliation'  itemprop="affiliation" >Zimmerei und Holzbau</span></section></div>
<div  class='flex_column av-ryoa-eb4b9bb175d2f82111b6b56700046682 av_one_fifth  avia-builder-el-5  el_after_av_one_fifth  el_before_av_three_fifth  flex_column_div  column-top-margin'     ><section  class='avia-team-member av-llbcp04r-334d628cb4b0341e2089070959f87110  avia-builder-el-6  avia-builder-el-no-sibling '  itemscope="itemscope" itemtype="https://schema.org/Person" ><div class="team-img-container"><img decoding="async" class='wp-image-72 avia-img-lazy-loading-not-72 avia_image avia_image_team' src="https://zimmerei-aierstock.de/wp-content/uploads/2023/08/person_dummy-80x80.png" alt='FOLGT'  itemprop="image"   height="80" width="80" srcset="https://zimmerei-aierstock.de/wp-content/uploads/2023/08/person_dummy-80x80.png 80w, https://zimmerei-aierstock.de/wp-content/uploads/2023/08/person_dummy-36x36.png 36w, https://zimmerei-aierstock.de/wp-content/uploads/2023/08/person_dummy-180x180.png 180w" sizes="(max-width: 80px) 100vw, 80px" /></div><h3 class='team-member-name '  itemprop="name" >FOLGT</h3><span class='hidden team-member-affiliation'  itemprop="affiliation" >Zimmerei und Holzbau</span></section></div>
<div  class='flex_column av-1956y-c6b4c46fbe92d7638fd81ea5e85f1f03 av_three_fifth  avia-builder-el-7  el_after_av_one_fifth  avia-builder-el-last  flex_column_div  column-top-margin'     ><section  class='av_textblock_section av-llbbdxcg-957e477db098b02d87fe7bd09d86d502 '   itemscope="itemscope" itemtype="https://schema.org/CreativeWork" ><div class='avia_textblock'  itemprop="text" ><p><strong>Unsere Zimmerei wurde 2019 gegründet.</strong></p>
<p>Firmeninhaber und Betriebsgründer Thomas Danner (geb. Aierstock), schloss 2019 die Fachschule für Bautechnik in München,<br />
mit den Titeln <strong>Zimmermeister</strong> und s<strong>taatl. Geprüfter Bautechniker</strong> ab.</p>
<p>Außerdem wurde er für seine Leistungen mit zwei Meisterpreisen der bayerischen Staatsregierung ausgezeichnet.</p>
<p>2021 wurde der Betrieb um einen Zimmerergesellen erweitert.<br />
Abgerundet wird das Team durch den Vater von Thomas Danner welcher ebenfalls Zimmerer ist.</p>
<p>Die Firmenphilosophie lautet:<br />
<strong>„Wir arbeiten als sei es für uns selber, geht nicht gibt’s nicht!“</strong></p>
<div  class='hr av-zoga-b1a28406fb17ccb0ebcdd5aa594920ff hr-short  avia-builder-el-9  avia-builder-el-no-sibling  hr-center'><span class='hr-inner '><span class="hr-inner-style"></span></span></div>
<p><em><strong>Steckbrief Thomas Danner:</strong></em></p>
<ul>
<li>2011-2012: Berufsgrundbildungsjahr Zimmerer, Bad Tölz</li>
<li>2012-2014: Ausbildung zum Zimmerer, Zimmerei Thomas Gerg, Wackersberg</li>
<li>2014-2015: Zimmerer Geselle bei der Zimmerei Thomas Gerg</li>
<li>2015-2017: Zimmerer Geselle bei Simon Haus u. Holzbau, Schlegldorf</li>
<li>2017-2019: Fachschule für Bautechnik München, Meisterschule für das Bauhandwerk</li>
<li>2019: Abschluss zum Zimmermeister und staatlich geprüften Bautechniker, Auszeichnung mit je einem Staatspreis.</li>
<li>Seit 2019: selbstständig und Firmeninhaber</li>
</ul>
</div></section></div>
